{"id":587,"date":"2024-09-05T18:24:40","date_gmt":"2024-09-05T16:24:40","guid":{"rendered":"https:\/\/icietpasailleurs.com\/?page_id=587"},"modified":"2026-02-23T11:26:05","modified_gmt":"2026-02-23T09:26:05","slug":"le-tribunal-des-mechants-1-le-proces-de-grimhilde","status":"publish","type":"page","link":"https:\/\/icietpasailleurs.com\/index.php\/le-tribunal-des-mechants-1-le-proces-de-grimhilde\/","title":{"rendered":"Le tribunal des m\u00e9chants:                                       Le proc\u00e8s de Grimhilde"},"content":{"rendered":"\n<div class=\"wp-block-media-text alignwide is-stacked-on-mobile is-vertically-aligned-center\" style=\"grid-template-columns:42% auto\"><figure class=\"wp-block-media-text__media\"><img loading=\"lazy\" decoding=\"async\" width=\"724\" height=\"1024\" src=\"https:\/\/icietpasailleurs.com\/wp-content\/uploads\/2024\/09\/Affiche-f1-1-724x1024.jpg\" alt=\"\" class=\"wp-image-617 size-full\" srcset=\"https:\/\/icietpasailleurs.com\/wp-content\/uploads\/2024\/09\/Affiche-f1-1-724x1024.jpg 724w, https:\/\/icietpasailleurs.com\/wp-content\/uploads\/2024\/09\/Affiche-f1-1-212x300.jpg 212w, https:\/\/icietpasailleurs.com\/wp-content\/uploads\/2024\/09\/Affiche-f1-1-768x1086.jpg 768w, https:\/\/icietpasailleurs.com\/wp-content\/uploads\/2024\/09\/Affiche-f1-1-1087x1536.jpg 1087w, https:\/\/icietpasailleurs.com\/wp-content\/uploads\/2024\/09\/Affiche-f1-1.jpg 1132w\" sizes=\"(max-width: 724px) 100vw, 724px\" \/><\/figure><div class=\"wp-block-media-text__content\">\n<p><strong>Th\u00e9\u00e2tre de marionnettes \u00e0 taille humaine et de th\u00e9\u00e2tre de papier (en bois) \u00e0 partir de 6ans.<br>Dur\u00e9e: 50mn<br><\/strong><br>Un spectacle qui donne enfin la parole aux m\u00e9chants des contes de f\u00e9es!&nbsp;<\/p>\n\n\n\n<p>Dans les prisons, la col\u00e8re gronde&#8230;Les m\u00e9chants se rebellent, ils r\u00e9clament justice et veulent \u00eatre entendus. Gr\u00e2ce \u00e0 ce tribunal peu commun, Grimhilde, la belle-m\u00e8re de Blanche-neige va pouvoir exprimer SA version des faits, ses souvenirs d&rsquo;enfance.&nbsp;<\/p>\n\n\n\n<p>Les spectateurs vont assister \u00e0 un proc\u00e8s, pr\u00e9sid\u00e9 par Th\u00e9mis, la d\u00e9esse de la justice en personne. A l&rsquo;issue de la plaidoirie, ils devront juger Grimhilde et d\u00e9terminer si oui ou non elle est r\u00e9ellement coupable de m\u00e9chancet\u00e9. <br>Nos certitudes pourraient bien \u00eatre \u00e9branl\u00e9es face \u00e0 la gla\u00e7ante mais captivante Grimhilde&#8230;<\/p>\n\n\n\n<p><em><br><\/em><\/p>\n<\/div><\/div>\n\n\n\n<div class=\"wp-block-file aligncenter has-background-background-color has-background has-link-color wp-elements-57acc8b0a0d682bc5b693684379d2a42\" style=\"margin-top:var(--wp--preset--spacing--20);margin-right:var(--wp--preset--spacing--20);margin-bottom:var(--wp--preset--spacing--20);margin-left:var(--wp--preset--spacing--20);padding-top:var(--wp--preset--spacing--20);padding-right:var(--wp--preset--spacing--80);padding-bottom:var(--wp--preset--spacing--20);padding-left:var(--wp--preset--spacing--80)\"><a href=\"https:\/\/icietpasailleurs.com\/wp-content\/uploads\/2024\/09\/Copie-de-Dossier-de-presentation-version-a-Jour-1.pdf\" class=\"wp-block-file__button wp-element-button\" download>Dossier artistique<\/a><\/div>\n\n\n\n<figure class=\"wp-block-embed aligncenter is-type-video is-provider-vimeo wp-block-embed-vimeo wp-embed-aspect-16-9 wp-has-aspect-ratio\"><div class=\"wp-block-embed__wrapper\">\n<iframe loading=\"lazy\" title=\"Le tribunal des m\u00e9chants : Le proc\u00e8s de Grimhilde\" src=\"https:\/\/player.vimeo.com\/video\/1006697870?dnt=1&amp;app_id=122963\" width=\"1170\" height=\"658\" frameborder=\"0\" allow=\"autoplay; fullscreen; picture-in-picture; clipboard-write; encrypted-media; web-share\" referrerpolicy=\"strict-origin-when-cross-origin\"><\/iframe>\n<\/div><\/figure>\n\n\n\n<figure class=\"wp-block-gallery alignwide has-nested-images columns-default is-cropped wp-block-gallery-1 is-layout-flex wp-block-gallery-is-layout-flex\">\n<figure class=\"wp-block-image size-full has-custom-border\"><img loading=\"lazy\" decoding=\"async\" width=\"2560\" height=\"1707\" data-id=\"589\" src=\"https:\/\/icietpasailleurs.com\/wp-content\/uploads\/2024\/08\/DSC09287-scaled.jpg\" alt=\"\" class=\"has-border-color has-foreground-border-color wp-image-589\" style=\"border-width:7px;border-radius:6px\" srcset=\"https:\/\/icietpasailleurs.com\/wp-content\/uploads\/2024\/08\/DSC09287-scaled.jpg 2560w, https:\/\/icietpasailleurs.com\/wp-content\/uploads\/2024\/08\/DSC09287-300x200.jpg 300w, https:\/\/icietpasailleurs.com\/wp-content\/uploads\/2024\/08\/DSC09287-1024x683.jpg 1024w, https:\/\/icietpasailleurs.com\/wp-content\/uploads\/2024\/08\/DSC09287-768x512.jpg 768w, https:\/\/icietpasailleurs.com\/wp-content\/uploads\/2024\/08\/DSC09287-1536x1024.jpg 1536w, https:\/\/icietpasailleurs.com\/wp-content\/uploads\/2024\/08\/DSC09287-2048x1365.jpg 2048w, https:\/\/icietpasailleurs.com\/wp-content\/uploads\/2024\/08\/DSC09287-1170x780.jpg 1170w\" sizes=\"(max-width: 2560px) 100vw, 2560px\" \/><\/figure>\n\n\n\n<figure class=\"wp-block-image size-large has-custom-border\"><img loading=\"lazy\" decoding=\"async\" width=\"1024\" height=\"683\" data-id=\"633\" src=\"https:\/\/icietpasailleurs.com\/wp-content\/uploads\/2024\/09\/DSC09632-1024x683.jpg\" alt=\"\" class=\"wp-image-633\" style=\"border-width:7px;border-radius:6px\" srcset=\"https:\/\/icietpasailleurs.com\/wp-content\/uploads\/2024\/09\/DSC09632-1024x683.jpg 1024w, https:\/\/icietpasailleurs.com\/wp-content\/uploads\/2024\/09\/DSC09632-300x200.jpg 300w, https:\/\/icietpasailleurs.com\/wp-content\/uploads\/2024\/09\/DSC09632-768x512.jpg 768w, https:\/\/icietpasailleurs.com\/wp-content\/uploads\/2024\/09\/DSC09632-1536x1024.jpg 1536w, https:\/\/icietpasailleurs.com\/wp-content\/uploads\/2024\/09\/DSC09632-2048x1365.jpg 2048w, https:\/\/icietpasailleurs.com\/wp-content\/uploads\/2024\/09\/DSC09632-1170x780.jpg 1170w\" sizes=\"(max-width: 1024px) 100vw, 1024px\" \/><\/figure>\n\n\n\n<figure class=\"wp-block-image size-large has-custom-border\"><img loading=\"lazy\" decoding=\"async\" width=\"1024\" height=\"683\" data-id=\"591\" src=\"https:\/\/icietpasailleurs.com\/wp-content\/uploads\/2024\/08\/DSC09335-1024x683.jpg\" alt=\"\" class=\"wp-image-591\" style=\"border-width:7px;border-radius:6px\" srcset=\"https:\/\/icietpasailleurs.com\/wp-content\/uploads\/2024\/08\/DSC09335-1024x683.jpg 1024w, https:\/\/icietpasailleurs.com\/wp-content\/uploads\/2024\/08\/DSC09335-300x200.jpg 300w, https:\/\/icietpasailleurs.com\/wp-content\/uploads\/2024\/08\/DSC09335-768x512.jpg 768w, https:\/\/icietpasailleurs.com\/wp-content\/uploads\/2024\/08\/DSC09335-1536x1024.jpg 1536w, https:\/\/icietpasailleurs.com\/wp-content\/uploads\/2024\/08\/DSC09335-2048x1365.jpg 2048w, https:\/\/icietpasailleurs.com\/wp-content\/uploads\/2024\/08\/DSC09335-1170x780.jpg 1170w\" sizes=\"(max-width: 1024px) 100vw, 1024px\" \/><\/figure>\n\n\n\n<figure class=\"wp-block-image size-full has-custom-border\"><img loading=\"lazy\" decoding=\"async\" width=\"1707\" height=\"2560\" data-id=\"593\" src=\"https:\/\/icietpasailleurs.com\/wp-content\/uploads\/2024\/08\/DSC09556-1-scaled.jpg\" alt=\"\" class=\"wp-image-593\" style=\"border-width:7px;border-radius:6px\" srcset=\"https:\/\/icietpasailleurs.com\/wp-content\/uploads\/2024\/08\/DSC09556-1-scaled.jpg 1707w, https:\/\/icietpasailleurs.com\/wp-content\/uploads\/2024\/08\/DSC09556-1-200x300.jpg 200w, https:\/\/icietpasailleurs.com\/wp-content\/uploads\/2024\/08\/DSC09556-1-683x1024.jpg 683w, https:\/\/icietpasailleurs.com\/wp-content\/uploads\/2024\/08\/DSC09556-1-768x1152.jpg 768w, https:\/\/icietpasailleurs.com\/wp-content\/uploads\/2024\/08\/DSC09556-1-1024x1536.jpg 1024w, https:\/\/icietpasailleurs.com\/wp-content\/uploads\/2024\/08\/DSC09556-1-1365x2048.jpg 1365w, https:\/\/icietpasailleurs.com\/wp-content\/uploads\/2024\/08\/DSC09556-1-1170x1755.jpg 1170w\" sizes=\"(max-width: 1707px) 100vw, 1707px\" \/><\/figure>\n\n\n\n<figure class=\"wp-block-image size-full has-custom-border\"><img loading=\"lazy\" decoding=\"async\" width=\"1707\" height=\"2560\" data-id=\"632\" src=\"https:\/\/icietpasailleurs.com\/wp-content\/uploads\/2024\/09\/DSC09857-scaled.jpg\" alt=\"\" class=\"wp-image-632\" style=\"border-width:7px;border-radius:6px\" srcset=\"https:\/\/icietpasailleurs.com\/wp-content\/uploads\/2024\/09\/DSC09857-scaled.jpg 1707w, https:\/\/icietpasailleurs.com\/wp-content\/uploads\/2024\/09\/DSC09857-200x300.jpg 200w, https:\/\/icietpasailleurs.com\/wp-content\/uploads\/2024\/09\/DSC09857-683x1024.jpg 683w, https:\/\/icietpasailleurs.com\/wp-content\/uploads\/2024\/09\/DSC09857-768x1152.jpg 768w, https:\/\/icietpasailleurs.com\/wp-content\/uploads\/2024\/09\/DSC09857-1024x1536.jpg 1024w, https:\/\/icietpasailleurs.com\/wp-content\/uploads\/2024\/09\/DSC09857-1365x2048.jpg 1365w, https:\/\/icietpasailleurs.com\/wp-content\/uploads\/2024\/09\/DSC09857-1170x1755.jpg 1170w\" sizes=\"(max-width: 1707px) 100vw, 1707px\" \/><\/figure>\n\n\n\n<figure class=\"wp-block-image size-full has-custom-border is-style-default\"><img loading=\"lazy\" decoding=\"async\" width=\"2560\" height=\"1707\" data-id=\"598\" src=\"https:\/\/icietpasailleurs.com\/wp-content\/uploads\/2024\/08\/DSC09432-scaled.jpg\" alt=\"\" class=\"wp-image-598\" style=\"border-width:7px;border-radius:6px\" srcset=\"https:\/\/icietpasailleurs.com\/wp-content\/uploads\/2024\/08\/DSC09432-scaled.jpg 2560w, https:\/\/icietpasailleurs.com\/wp-content\/uploads\/2024\/08\/DSC09432-300x200.jpg 300w, https:\/\/icietpasailleurs.com\/wp-content\/uploads\/2024\/08\/DSC09432-1024x683.jpg 1024w, https:\/\/icietpasailleurs.com\/wp-content\/uploads\/2024\/08\/DSC09432-768x512.jpg 768w, https:\/\/icietpasailleurs.com\/wp-content\/uploads\/2024\/08\/DSC09432-1536x1024.jpg 1536w, https:\/\/icietpasailleurs.com\/wp-content\/uploads\/2024\/08\/DSC09432-2048x1365.jpg 2048w, https:\/\/icietpasailleurs.com\/wp-content\/uploads\/2024\/08\/DSC09432-1170x780.jpg 1170w\" sizes=\"(max-width: 2560px) 100vw, 2560px\" \/><\/figure>\n<\/figure>\n","protected":false},"excerpt":{"rendered":"<p>Th\u00e9\u00e2tre de marionnettes \u00e0 taille humaine et de th\u00e9\u00e2tre de papier (en bois) \u00e0 partir de 6ans.Dur\u00e9e: 50mnUn spectacle qui donne enfin la parole aux m\u00e9chants des contes de f\u00e9es!&nbsp; Dans les prisons, la col\u00e8re gronde&#8230;Les m\u00e9chants se rebellent, ils r\u00e9clament justice et veulent \u00eatre entendus. Gr\u00e2ce \u00e0 ce tribunal peu commun, Grimhilde, la belle-m\u00e8re [&hellip;]<\/p>\n","protected":false},"author":1,"featured_media":0,"parent":0,"menu_order":0,"comment_status":"closed","ping_status":"closed","template":"","meta":{"om_disable_all_campaigns":false,"_monsterinsights_skip_tracking":false,"_monsterinsights_sitenote_active":false,"_monsterinsights_sitenote_note":"","_monsterinsights_sitenote_category":0,"footnotes":""},"aioseo_notices":[],"_links":{"self":[{"href":"https:\/\/icietpasailleurs.com\/index.php\/wp-json\/wp\/v2\/pages\/587"}],"collection":[{"href":"https:\/\/icietpasailleurs.com\/index.php\/wp-json\/wp\/v2\/pages"}],"about":[{"href":"https:\/\/icietpasailleurs.com\/index.php\/wp-json\/wp\/v2\/types\/page"}],"author":[{"embeddable":true,"href":"https:\/\/icietpasailleurs.com\/index.php\/wp-json\/wp\/v2\/users\/1"}],"replies":[{"embeddable":true,"href":"https:\/\/icietpasailleurs.com\/index.php\/wp-json\/wp\/v2\/comments?post=587"}],"version-history":[{"count":15,"href":"https:\/\/icietpasailleurs.com\/index.php\/wp-json\/wp\/v2\/pages\/587\/revisions"}],"predecessor-version":[{"id":821,"href":"https:\/\/icietpasailleurs.com\/index.php\/wp-json\/wp\/v2\/pages\/587\/revisions\/821"}],"wp:attachment":[{"href":"https:\/\/icietpasailleurs.com\/index.php\/wp-json\/wp\/v2\/media?parent=587"}],"curies":[{"name":"wp","href":"https:\/\/api.w.org\/{rel}","templated":true}]}}