{"id":174,"date":"2022-09-06T14:38:40","date_gmt":"2022-09-06T12:38:40","guid":{"rendered":"https:\/\/icietpasailleurs.com\/?page_id=174"},"modified":"2026-02-22T23:08:54","modified_gmt":"2026-02-22T21:08:54","slug":"spectacles","status":"publish","type":"page","link":"https:\/\/icietpasailleurs.com\/index.php\/spectacles\/","title":{"rendered":"Tous nos spectacles en cours et pass\u00e9s"},"content":{"rendered":"\n<h2 class=\"wp-block-heading\">En cours<\/h2>\n\n\n\n<div class=\"wp-block-media-text alignwide is-stacked-on-mobile has-background-light-background-color has-background\" style=\"grid-template-columns:25% auto\"><figure class=\"wp-block-media-text__media\"><img loading=\"lazy\" decoding=\"async\" width=\"724\" height=\"1024\" src=\"https:\/\/icietpasailleurs.com\/wp-content\/uploads\/2026\/02\/affiche-banquise-1-724x1024.jpeg\" alt=\"\" class=\"wp-image-797 size-medium\" srcset=\"https:\/\/icietpasailleurs.com\/wp-content\/uploads\/2026\/02\/affiche-banquise-1-724x1024.jpeg 724w, https:\/\/icietpasailleurs.com\/wp-content\/uploads\/2026\/02\/affiche-banquise-1-212x300.jpeg 212w, https:\/\/icietpasailleurs.com\/wp-content\/uploads\/2026\/02\/affiche-banquise-1-768x1086.jpeg 768w, https:\/\/icietpasailleurs.com\/wp-content\/uploads\/2026\/02\/affiche-banquise-1-1086x1536.jpeg 1086w, https:\/\/icietpasailleurs.com\/wp-content\/uploads\/2026\/02\/affiche-banquise-1-1170x1655.jpeg 1170w, https:\/\/icietpasailleurs.com\/wp-content\/uploads\/2026\/02\/affiche-banquise-1.jpeg 1448w\" sizes=\"(max-width: 724px) 100vw, 724px\" \/><\/figure><div class=\"wp-block-media-text__content\">\n<h2 class=\"wp-block-heading has-text-align-center\">La banquise aux \u00e9motions <br>(Cr\u00e9ation 2026)<\/h2>\n\n\n\n<p class=\"has-text-align-center\">Tourman, l&rsquo;ours blanc et Gis\u00e8le, la macareux <br>vivent des jours paisibles sur la banquise du P\u00f4le Nord, <br>au rythme de radio Caribou. <br>Ce matin, une partie de la banquise s&rsquo;est d\u00e9tach\u00e9e&#8230;<br>Tourman voit ses \u00e9motions fondre <br>\u00e0 en perdre le contr\u00f4le mais Gis\u00e8le sait quoi faire&#8230;<\/p>\n\n\n\n<div class=\"wp-block-buttons is-horizontal is-content-justification-center is-layout-flex wp-container-core-buttons-is-layout-1 wp-block-buttons-is-layout-flex\" style=\"margin-top:0;margin-bottom:0\">\n<div class=\"wp-block-button has-custom-width wp-block-button__width-50 is-style-ona-button-arrow-icon\"><a class=\"wp-block-button__link has-background-light-background-color has-text-color has-background has-link-color has-text-align-center wp-element-button\" href=\"https:\/\/icietpasailleurs.com\/index.php\/la-banquise-aux-emotions-creation-2026\/\" style=\"color:#ff0000\">  <mark style=\"background-color:#F2F0EC;color:#f90202\" class=\"has-inline-color\">Plus d&rsquo;infos <\/mark><\/a><\/div>\n<\/div>\n<\/div><\/div>\n\n\n\n<div class=\"wp-block-media-text alignwide is-stacked-on-mobile has-background-light-background-color has-background\" style=\"grid-template-columns:25% auto\"><figure class=\"wp-block-media-text__media\"><img loading=\"lazy\" decoding=\"async\" width=\"724\" height=\"1024\" src=\"https:\/\/icietpasailleurs.com\/wp-content\/uploads\/2024\/09\/Affiche-f1-1-724x1024.jpg\" alt=\"\" class=\"wp-image-617 size-medium\" srcset=\"https:\/\/icietpasailleurs.com\/wp-content\/uploads\/2024\/09\/Affiche-f1-1-724x1024.jpg 724w, https:\/\/icietpasailleurs.com\/wp-content\/uploads\/2024\/09\/Affiche-f1-1-212x300.jpg 212w, https:\/\/icietpasailleurs.com\/wp-content\/uploads\/2024\/09\/Affiche-f1-1-768x1086.jpg 768w, https:\/\/icietpasailleurs.com\/wp-content\/uploads\/2024\/09\/Affiche-f1-1-1087x1536.jpg 1087w, https:\/\/icietpasailleurs.com\/wp-content\/uploads\/2024\/09\/Affiche-f1-1.jpg 1132w\" sizes=\"(max-width: 724px) 100vw, 724px\" \/><\/figure><div class=\"wp-block-media-text__content\">\n<h2 class=\"wp-block-heading has-text-align-center\">Le tribunal des m\u00e9chants <br>(Le proc\u00e8s de Grimhilde)<\/h2>\n\n\n\n<p class=\"has-text-align-center\">Dans les prisons, la col\u00e8re gronde&#8230;<br>Les m\u00e9chants se rebellent, <br>ils r\u00e9clament justice et veulent \u00eatre entendus. <br>Gr\u00e2ce \u00e0 ce tribunal peu commun, le public est jur\u00e9.<br>Grimhilde, la belle-m\u00e8re de Blanche-neige <br>va pouvoir exprimer <br>SA version des faits, ses souvenirs d&rsquo;enfance&#8230;&nbsp;<br><\/p>\n\n\n\n<div class=\"wp-block-buttons is-horizontal is-content-justification-center is-layout-flex wp-container-core-buttons-is-layout-2 wp-block-buttons-is-layout-flex\" style=\"margin-top:0;margin-bottom:0\">\n<div class=\"wp-block-button has-custom-width wp-block-button__width-50 is-style-ona-button-arrow-icon\"><a class=\"wp-block-button__link has-background-light-background-color has-text-color has-background has-link-color has-text-align-center wp-element-button\" href=\"https:\/\/icietpasailleurs.com\/index.php\/le-tribunal-des-mechants-1-le-proces-de-grimhilde\/\" style=\"color:#ff0000\">  <mark style=\"background-color:#F2F0EC;color:#f90202\" class=\"has-inline-color\">Plus d&rsquo;infos <\/mark><\/a><\/div>\n<\/div>\n<\/div><\/div>\n\n\n\n<div class=\"wp-block-media-text alignwide is-stacked-on-mobile has-background-light-background-color has-background\" style=\"grid-template-columns:25% auto\"><figure class=\"wp-block-media-text__media\"><img loading=\"lazy\" decoding=\"async\" width=\"724\" height=\"1024\" src=\"https:\/\/icietpasailleurs.com\/wp-content\/uploads\/2024\/02\/La-Cie-Ici-et-pas-ailleurs-pre\u0301sente4-724x1024.png\" alt=\"\" class=\"wp-image-547 size-medium\" srcset=\"https:\/\/icietpasailleurs.com\/wp-content\/uploads\/2024\/02\/La-Cie-Ici-et-pas-ailleurs-pre\u0301sente4-724x1024.png 724w, https:\/\/icietpasailleurs.com\/wp-content\/uploads\/2024\/02\/La-Cie-Ici-et-pas-ailleurs-pre\u0301sente4-212x300.png 212w, https:\/\/icietpasailleurs.com\/wp-content\/uploads\/2024\/02\/La-Cie-Ici-et-pas-ailleurs-pre\u0301sente4-768x1086.png 768w, https:\/\/icietpasailleurs.com\/wp-content\/uploads\/2024\/02\/La-Cie-Ici-et-pas-ailleurs-pre\u0301sente4-1086x1536.png 1086w, https:\/\/icietpasailleurs.com\/wp-content\/uploads\/2024\/02\/La-Cie-Ici-et-pas-ailleurs-pre\u0301sente4-1170x1655.png 1170w, https:\/\/icietpasailleurs.com\/wp-content\/uploads\/2024\/02\/La-Cie-Ici-et-pas-ailleurs-pre\u0301sente4.png 1414w\" sizes=\"(max-width: 724px) 100vw, 724px\" \/><\/figure><div class=\"wp-block-media-text__content\">\n<h2 class=\"wp-block-heading has-text-align-center\">Histoires \u00e0 deux voix<\/h2>\n\n\n\n<p class=\"has-text-align-center\">C\u2019est l\u2019histoire d\u2019une voix enfin non\u2026<br>C\u2019est l\u2019histoire d\u2019une voix masculine <br>et d\u2019une voix f\u00e9minine\u2026<br>En v\u00e9rit\u00e9, c\u2019est plut\u00f4t l\u2019histoire <br>de deux com\u00e9diens passionn\u00e9s <br>qui aiment raconter des histoires. <\/p>\n\n\n\n<div class=\"wp-block-buttons is-content-justification-center is-layout-flex wp-container-core-buttons-is-layout-3 wp-block-buttons-is-layout-flex\">\n<div class=\"wp-block-button is-style-ona-button-arrow-icon\"><a class=\"wp-block-button__link has-background-light-background-color has-text-color has-background has-link-color wp-element-button\" href=\"https:\/\/icietpasailleurs.com\/index.php\/histoires-a-deux-voix\/\" style=\"color:#fd0000\"><mark style=\"background-color:#F2F0EC;color:#ff0000\" class=\"has-inline-color\">Plus d&rsquo;infos<\/mark><\/a><\/div>\n<\/div>\n<\/div><\/div>\n\n\n\n<div class=\"wp-block-media-text alignwide is-stacked-on-mobile has-background-light-background-color has-background\" style=\"grid-template-columns:25% auto\"><figure class=\"wp-block-media-text__media\"><img loading=\"lazy\" decoding=\"async\" width=\"760\" height=\"1024\" src=\"https:\/\/icietpasailleurs.com\/wp-content\/uploads\/2023\/12\/Affiche-La-hotte-3-760x1024.png\" alt=\"\" class=\"wp-image-524 size-large\" srcset=\"https:\/\/icietpasailleurs.com\/wp-content\/uploads\/2023\/12\/Affiche-La-hotte-3-760x1024.png 760w, https:\/\/icietpasailleurs.com\/wp-content\/uploads\/2023\/12\/Affiche-La-hotte-3-223x300.png 223w, https:\/\/icietpasailleurs.com\/wp-content\/uploads\/2023\/12\/Affiche-La-hotte-3-768x1035.png 768w, https:\/\/icietpasailleurs.com\/wp-content\/uploads\/2023\/12\/Affiche-La-hotte-3-1140x1536.png 1140w, https:\/\/icietpasailleurs.com\/wp-content\/uploads\/2023\/12\/Affiche-La-hotte-3-1170x1577.png 1170w, https:\/\/icietpasailleurs.com\/wp-content\/uploads\/2023\/12\/Affiche-La-hotte-3.png 1187w\" sizes=\"(max-width: 760px) 100vw, 760px\" \/><\/figure><div class=\"wp-block-media-text__content\">\n<h2 class=\"wp-block-heading has-text-align-center 1,125\">O\u00f9 est pass\u00e9e la hotte du P\u00e8re No\u00ebl ? <\/h2>\n\n\n\n<p class=\"has-text-align-center\">Dans l&rsquo;atelier du P\u00e8re No\u00ebl <br>tout le monde s&rsquo;affaire pour <br>que les cadeaux soit livr\u00e9 \u00e0 temps. <br>Mais soudain, la hotte disparait ! <br>Monsieur Plumk va partir, malgr\u00e9 lui, \u00e0 la rencontre de&nbsp; <br>F\u00e9licie la magicienne pour savoir qui l&rsquo;a vol\u00e9. <br>Pauvre Monsieur Plumk ! <br>Il va payer de sa personne\u2026<\/p>\n\n\n\n<div class=\"wp-block-buttons is-content-justification-center is-layout-flex wp-container-core-buttons-is-layout-4 wp-block-buttons-is-layout-flex\">\n<div class=\"wp-block-button is-style-ona-button-arrow-icon\"><a class=\"wp-block-button__link has-background-light-background-color has-text-color has-background wp-element-button\" href=\"https:\/\/icietpasailleurs.com\/index.php\/ou-est-passee-la-hotte-du-pere-noel\/\" style=\"border-radius:35px;color:#f70313\">Plus d&rsquo;info<\/a><\/div>\n<\/div>\n<\/div><\/div>\n\n\n\n<h2 class=\"wp-block-heading\">Pass\u00e9s<\/h2>\n\n\n\n<div class=\"wp-block-media-text alignwide is-stacked-on-mobile has-background-light-background-color has-background\" style=\"grid-template-columns:25% auto\"><figure class=\"wp-block-media-text__media\"><img loading=\"lazy\" decoding=\"async\" width=\"723\" height=\"1024\" src=\"https:\/\/icietpasailleurs.com\/wp-content\/uploads\/2022\/09\/Bulle-de-vie-affiche-1.png\" alt=\"\" class=\"wp-image-181 size-large\" srcset=\"https:\/\/icietpasailleurs.com\/wp-content\/uploads\/2022\/09\/Bulle-de-vie-affiche-1.png 723w, https:\/\/icietpasailleurs.com\/wp-content\/uploads\/2022\/09\/Bulle-de-vie-affiche-1-212x300.png 212w\" sizes=\"(max-width: 723px) 100vw, 723px\" \/><\/figure><div class=\"wp-block-media-text__content\">\n<p class=\"has-text-align-center\">Un voyage de bulles de vie en bulles d&rsquo;amour <br>ponctu\u00e9 par le vent des \u00e9motions <br>qui tourbillonnent dans la t\u00eate de Marie\u2026<br>Elle a compris quelque chose au sujet de l&rsquo;amour\u2026<br>Maman va avoir un b\u00e9b\u00e9\u2026<br>Elle va devenir grande\u2026<br>Holala ! Tout \u00e7a, \u00e7a bouscule !<\/p>\n<\/div><\/div>\n\n\n\n<div class=\"wp-block-media-text alignwide is-stacked-on-mobile has-background-light-background-color has-background\" style=\"grid-template-columns:25% auto\"><figure class=\"wp-block-media-text__media\"><img loading=\"lazy\" decoding=\"async\" width=\"212\" height=\"300\" src=\"https:\/\/icietpasailleurs.com\/wp-content\/uploads\/2022\/09\/Affiche-malgre\u0301-lui-9-1-212x300.png\" alt=\"\" class=\"wp-image-184 size-medium\" srcset=\"https:\/\/icietpasailleurs.com\/wp-content\/uploads\/2022\/09\/Affiche-malgre\u0301-lui-9-1-212x300.png 212w, https:\/\/icietpasailleurs.com\/wp-content\/uploads\/2022\/09\/Affiche-malgre\u0301-lui-9-1-724x1024.png 724w, https:\/\/icietpasailleurs.com\/wp-content\/uploads\/2022\/09\/Affiche-malgre\u0301-lui-9-1-768x1087.png 768w, https:\/\/icietpasailleurs.com\/wp-content\/uploads\/2022\/09\/Affiche-malgre\u0301-lui-9-1.png 841w\" sizes=\"(max-width: 212px) 100vw, 212px\" \/><\/figure><div class=\"wp-block-media-text__content\">\n<p class=\"has-text-align-center\">Ce soir il n&rsquo;avait pas&nbsp; pr\u00e9vu de monter sur sc\u00e8ne\u2026<br>Lui, il n&rsquo;est l\u00e0 que pour faire&nbsp; le m\u00e9nage\u2026<br>Bon, pour le plaisir du public qui est l\u00e0 et qui a pay\u00e9\u2026<br>Il va se laisser prendre au jeu de <br>la magie du spectacle <br>et m\u00eame se livrer\u2026<\/p>\n\n\n\n<p class=\"has-text-align-center\">Malgr\u00e9 lui !<\/p>\n<\/div><\/div>\n\n\n\n<div class=\"wp-block-media-text alignwide is-stacked-on-mobile has-background-light-background-color has-background\" style=\"grid-template-columns:25% auto\"><figure class=\"wp-block-media-text__media\"><img loading=\"lazy\" decoding=\"async\" width=\"212\" height=\"300\" src=\"https:\/\/icietpasailleurs.com\/wp-content\/uploads\/2022\/09\/AFFICHE-FEU-LA-MERE5-212x300.jpg\" alt=\"\" class=\"wp-image-193 size-medium\" srcset=\"https:\/\/icietpasailleurs.com\/wp-content\/uploads\/2022\/09\/AFFICHE-FEU-LA-MERE5-212x300.jpg 212w, https:\/\/icietpasailleurs.com\/wp-content\/uploads\/2022\/09\/AFFICHE-FEU-LA-MERE5-724x1024.jpg 724w, https:\/\/icietpasailleurs.com\/wp-content\/uploads\/2022\/09\/AFFICHE-FEU-LA-MERE5-768x1086.jpg 768w, https:\/\/icietpasailleurs.com\/wp-content\/uploads\/2022\/09\/AFFICHE-FEU-LA-MERE5-1086x1536.jpg 1086w, https:\/\/icietpasailleurs.com\/wp-content\/uploads\/2022\/09\/AFFICHE-FEU-LA-MERE5-1448x2048.jpg 1448w, https:\/\/icietpasailleurs.com\/wp-content\/uploads\/2022\/09\/AFFICHE-FEU-LA-MERE5-1170x1655.jpg 1170w, https:\/\/icietpasailleurs.com\/wp-content\/uploads\/2022\/09\/AFFICHE-FEU-LA-MERE5-scaled.jpg 1810w\" sizes=\"(max-width: 212px) 100vw, 212px\" \/><\/figure><div class=\"wp-block-media-text__content\">\n<p class=\"has-text-align-center\">Lucien rentre un peu trop tard de sa soir\u00e9e, pour sa femme Yvonne\u2026<br>Pourtant il n&rsquo;est que 4h ! <br>Cela&nbsp; tourne \u00e0 la dispute conjugale, <br>alors que quelqu&rsquo;un sonne \u00e0 la porte. <br>Ce n&rsquo;est rien\u2026<br>Ce n&rsquo;est que la m\u00e8re de Madame qui est morte\u2026<br>Enfin presque morte\u2026<\/p>\n<\/div><\/div>\n","protected":false},"excerpt":{"rendered":"<p>En cours Pass\u00e9s Un voyage de bulles de vie en bulles d&rsquo;amour ponctu\u00e9 par le vent des \u00e9motions qui tourbillonnent dans la t\u00eate de Marie\u2026Elle a compris quelque chose au sujet de l&rsquo;amour\u2026Maman va avoir un b\u00e9b\u00e9\u2026Elle va devenir grande\u2026Holala ! Tout \u00e7a, \u00e7a bouscule ! Ce soir il n&rsquo;avait pas&nbsp; pr\u00e9vu de monter sur [&hellip;]<\/p>\n","protected":false},"author":1,"featured_media":0,"parent":0,"menu_order":0,"comment_status":"closed","ping_status":"closed","template":"","meta":{"om_disable_all_campaigns":false,"_monsterinsights_skip_tracking":false,"_monsterinsights_sitenote_active":false,"_monsterinsights_sitenote_note":"","_monsterinsights_sitenote_category":0,"footnotes":""},"aioseo_notices":[],"_links":{"self":[{"href":"https:\/\/icietpasailleurs.com\/index.php\/wp-json\/wp\/v2\/pages\/174"}],"collection":[{"href":"https:\/\/icietpasailleurs.com\/index.php\/wp-json\/wp\/v2\/pages"}],"about":[{"href":"https:\/\/icietpasailleurs.com\/index.php\/wp-json\/wp\/v2\/types\/page"}],"author":[{"embeddable":true,"href":"https:\/\/icietpasailleurs.com\/index.php\/wp-json\/wp\/v2\/users\/1"}],"replies":[{"embeddable":true,"href":"https:\/\/icietpasailleurs.com\/index.php\/wp-json\/wp\/v2\/comments?post=174"}],"version-history":[{"count":36,"href":"https:\/\/icietpasailleurs.com\/index.php\/wp-json\/wp\/v2\/pages\/174\/revisions"}],"predecessor-version":[{"id":817,"href":"https:\/\/icietpasailleurs.com\/index.php\/wp-json\/wp\/v2\/pages\/174\/revisions\/817"}],"wp:attachment":[{"href":"https:\/\/icietpasailleurs.com\/index.php\/wp-json\/wp\/v2\/media?parent=174"}],"curies":[{"name":"wp","href":"https:\/\/api.w.org\/{rel}","templated":true}]}}